 Calculate m(-5).
-794
Let w(f) = 250*f - 13152. Calculate w(52).
-152
Let r(f) = 3*f**2 + 635*f + 5795. Determine r(-202).
-63
Let d(m) = 20*m**2 - 1247*m + 429. Calculate d(62).
-5
Let s(u) = 45*u**2 - 2265*u + 9095. Give s(4).
755
Let s(n) = -78*n**3 + 14*n**2 - 4. Determine s(1).
-68
Let s(x) = 27235*x - 14026022. Determine s(515).
3
Let g(q) = q**3 - 28*q**2 + 139*q + 182. What is g(15)?
-658
Let o(x) = x**2 - 2625*x + 70993. Determine o(27).
847
Let c(h) = 356*h + 21220. Calculate c(-60).
-140
Let g(b) = -b**2 - 62*b - 590. What is g(-13)?
47
Let w(g) = -27919*g + 223474. Give w(8).
122
Let s(b) = 5474*b - 43766. What is s(8)?
26
Let p(q) = -21*q**2 + 1803*q + 237. Calculate p(86).
-21
Let b(z) = 101170*z - 910536. Calculate b(9).
-6
Let p(t) = 2*t**3 + 14*t**2 + 353*t + 2406. Calculate p(-7).
-65
Let x(o) = o**2 - 415078*o + 4565730. What is x(11)?
-7
Let i(f) = -2*f**3 - 45*f**2 + 1932*f + 1760. Calculate i(-44).
0
Let y(q) = 757*q - 151. Give y(-1).
-908
Let h(m) = -136*m**2 + 693*m + 6. Give h(4).
602
Let o(y) = -4*y**2 - 469*y + 9698. What is o(-135)?
113
Let z(w) = 189*w + 23217. What is z(-123)?
-30
Let h(f) = 366*f - 15303. Determine h(49).
2631
Let w(f) = 6*f**3 + 19*f**2 - 86*f + 56. What is w(3)?
131
Let u(o) = 340*o**2 + 28901*o + 96. Determine u(-85).
11
Let a(b) = -b**2 + 14830*b + 5888974. Determine a(-387).
-5
Let f(t) = 2*t**2 - 1331*t + 137017. Determine f(127).
238
Let s(k) = 6283*k + 3166631. What is s(-504)?
-1
Let s(m) = -m**3 + 166*m**2 - 305*m - 4558. Give s(164).
-786
Let s(k) = k**3 + 38*k**2 - 284*k + 4. Give s(8).
676
Let g(y) = y**2 - 184*y + 5874. Determine g(41).
11
Let a(w) = 491*w - 6884. Give a(14).
-10
Let u(g) = -1436*g + 64689. Give u(45).
69
Let n(f) = -9*f**3 + 4257*f**2 - 56*f + 26486. Determine n(473).
-2
Let u(g) = 221700*g + 4877400. What is u(-22)?
0
Let q(l) = -4*l**2 - 1506*l - 24438. What is q(-17)?
8
Let i(z) = -389698*z - 7014566. Determine i(-18).
-2
Let v(o) = 4*o**3 + 95*o**2 - 9590*o - 229567. Give v(-24).
17
Let s(j) = -4*j**3 - 58*j**2 + 2510*j + 39785. What is s(-17)?
5
Let j(n) = -10*n**2 + 8*n + 72. Determine j(-3).
-42
Let c(y) = -697*y + 4088. Determine c(6).
-94
Let w(l) = -2*l**2 + 88*l + 4513. Calculate w(76).
-351
Let m(y) = 4*y**2 - 174*y + 1835. What is m(17)?
33
Let z(y) = 92*y**2 + 5975*y + 65610. What is z(-14)?
-8
Let h(k) = k**3 + 4*k**2 + 23*k + 80. Calculate h(-6).
-130
Let c(b) = -15954*b - 303073. Give c(-19).
53
Let g(b) = -b**2 + 2*b + 6718. Give g(65).
2623
Let x(h) = 17*h**2 - 1439*h - 4301. What is x(-3)?
169
Let k(f) = -f**3 + 2*f**2 - 2254*f + 2253. Determine k(1).
0
Let d(q) = -q**2 + 186*q - 2963. Give d(167).
210
Let v(d) = 3*d**2 - 1026*d - 156069. Calculate v(456).
-117
Let h(u) = -u**3 + 62*u**2 + u - 3875. Determine h(60).
3385
Let n(d) = d**2 - 12978306*d - 116804834. Give n(-9).
1
Let k(f) = -14146*f + 382049. Give k(27).
107
Let x(j) = 3*j**3 + 28*j**2 + 2684*j + 10624. Give x(-4).
144
Let w(z) = 360*z**2 + 14*z + 14. Give w(-1).
360
Let i(z) = -3*z**2 - 129*z + 5709. Calculate i(36).
-2823
Let a(w) = 87764*w + 2983976. Determine a(-34).
0
Let c(n) = -1749*n - 178674. What is c(-102)?
-276
Let a(d) = -10577*d**2 + 1121168*d - 639. Give a(106).
-3
Let v(n) = 189*n**2 - 23629*n + 412. Give v(125).
-88
Let v(r) = -2*r**3 + 65*r**2 - 78*r + 1473. Give v(32).
1
Let w(a) = 8911*a - 53288. Give w(6).
178
Let o(p) = 48*p + 1618. Calculate o(-32).
82
Let d(r) = 56*r - 1973. Calculate d(38).
155
Let t(h) = 42232*h + 84395. What is t(-2)?
-69
Let m(q) = -6*q**3 - 29*q**2 - 234*q + 592. Calculate m(2).
-40
Let h(w) = 8290*w - 8. What is h(0)?
-8
Let c(w) = 5*w**2 - 50*w - 295. Determine c(22).
1025
Let y(f) = f**3 - 33*f**2 - 70*f + 1212. Determine y(34).
-12
Let x(l) = -3*l**3 - 201*l**2 - 1048*l + 3050. Calculate x(-61).
0
Let r(c) = 6*c**3 - 2*c**2 - 7788*c - 7787. Give r(-1).
-7
Let u(v) = v**3 + 45*v**2 - 3927*v - 180143. Calculate u(-47).
8
Let m(y) = -414*y + 6846. Calculate m(15).
636
Let a(m) = 14*m**3 + 1747*m - 5209. Determine a(3).
410
Let d(i) = -2*i**3 + 43*i - 24. Determine d(6).
-198
Let g(z) = 1080*z + 16185. Give g(-15).
-15
Let u(c) = 2171816*c - 4343627. Determine u(2).
5
Let o(q) = -36*q**2 + 5797*q - 23190. What is o(4)?
-578
Let z(o) = 2370*o - 13089. Give z(6).
1131
Let s(m) = 9488*m + 113850. What is s(-12)?
-6
Let y(d) = -166*d**2 + 1017*d - 18. What is y(5)?
917
Let m(r) = 3*r**2 - 2327*r + 447384. Give m(352).
-8
Let a(x) = 2498*x - 542077. Determine a(217).
-11
Let y(g) = -466*g - 43336. What is y(-93)?
2
Let o(y) = 26*y**2 + 913*y + 21. Give o(-37).
1834
Let n(x) = -24722*x - 148334. Calculate n(-6).
-2
Let x(i) = -4*i**2 - 167*i - 1394. Give x(-9).
-215
Let n(l) = -177172*l + 708692. Give n(4).
4
Let y(z) = 2*z**3 - 81*z**2 + 631*z - 66. Determine y(9).
510
Let f(b) = 135197*b + 946270. What is f(-7)?
-109
Let s(y) = y**3 - 13*y**2 + 225*y - 2064. Determine s(10).
-114
Let k(h) = 1226676*h - 1226676. Determine k(1).
0
Let u(a) = 3295*a - 102164. Determine u(31).
-19
Let h(n) = -n**3 + 79*n**2 + 65*n - 3558. Calculate h(79).
1577
Let b(z) = z**2 - 45*z + 1283. Determine b(43).
1197
Let b(f) = -972*f + 24324. Give b(25).
24
Let w(r) = -r**3 + 53*r**2 + 711*r - 645. Determine w(64).
-197
Let b(q) = -6*q**3 + 63*q**2 - 240*q - 303. Determine b(5).
-678
Let d(k) = 2*k**3 - 356*k**2 - 39*k + 5508. What is d(178)?
-1434
Let d(v) = 15*v**2 - 41*v - 224. What is d(5)?
-54
Let m(i) = 15*i**2 - 2752*i + 6684. Calculate m(181).
-13
Let n(f) = 1505278*f + 37631963. Determine n(-25).
13
Let q(o) = 7*o**2 - 22234*o - 1083355. Determine q(-48).
5
Let g(h) = -2*h**2 + 8*h + 998. Determine g(-19).
124
Let f(y) = -y**2 - 332*y - 8251. What is f(-25)?
-576
Let a(v) = 5*v**3 - 1785*v**2 + 15*v - 4152. Determine a(357).
1203
Let r(y) = -982*y - 157344. Give r(-160).
-224
Let p(u) = -38*u**3 - 49*u**2 - 134*u - 16. What is p(-3)?
971
Let g(w) = -146*w - 54021. What is g(-370)?
-1
Let c(r) = -25*r**2 + 418*r - 116. What is c(16)?
172
Let k(l) = -286*l**2 + 1641*l - 57. Determine k(6).
-507
Let o(i) = -3892*i - 131484. Calculate o(-34).
844
Let t(l) = -l**3 + 87*l**2 + 1804*l - 27933. Determine t(102).
15
Let z(c) = -c**2 + 253*c - 14713. Give z(50).
-4563
Let w(q) = q**3 + q**2 - 203*q - 979. Determine w(-11).
44
Let a(y) = -y**3 - 19*y**2 - 105*y - 1268. What is a(-17)?
-61
Let n(y) = y**3 + 155*y**2 + 186*y + 2775. Determine n(-154).
-2153
Let j(y) = y**3 - 31*y**2 + 22*y + 2483. Give j(27).
161
Let b(g) = 708*g**3 - 2834*g**2 - 13*g + 76. Give b(4).
-8
Let d(w) = -283*w - 35401. Give d(-125).
-26
Let m(d) = -2*d**3 + 80*d**2 - 747*d + 8. Determine m(15).
53
Let o(t) = 2*t**3 + 159*t**2 + 147*t + 5481. Determine o(-79).
109
Let a(n) = -5*n**2 + 221*n - 1365. Determine a(36).
111
Let b(z) = 2479*z + 17081. Calculate b(-6).
2207
Let n(k) = -5*k**2 + 118*k + 20. What is n(-8)?
-1244
Let f(c) = -c**3 - 10*c**2 - 57*c - 344. Calculate f(-8).
-16
Let t(f) = -128*f**2 - 7788*f + 1206. What is t(-61)?
-14
Let j(s) = 15984*s - 1326737. Determine j(83).
-65
Let t(q) = 631*q - 5669. What is t(10)?
641
Let j(c) = 3*c**3 - 213*c**2 + 243*c - 28. Determine j(1).
5
Let l(p) = 97853*p + 293561. What is l(-3)?
2
Let n(k) = -1785364*k + 26780457. What is n(15)?
-3
Let a(g) = -15989*g + 1103191. Determine a(69).
-50
Let i(c) = 118000*c + 14985995. Give i(-127).
-5
Let u(i) = -29*i**3 - 429*i**2 + 76*i - 221. Calculate u(-15).
-11
Let y(z) = 73757*z - 443226. Determine y(6).
-684
Let z(t) = t**2 + 3675*t + 206166. What is z(-57)?
-60
Let i(o) = 2*o**3 + 9*o**2 - 152*o - 505. Give i(-3).
-22
Let n(r) = 83*r**3 + 2240*r**2 - 37*r - 285. Give n(-27).
-15
Let g(m) = -22*m**2 + 729*m - 2096. Determine g(30).
-26
Let x(g) = 281173*g + 562341. Calculate x(-2).
-5
Let v(d) = 320661*d + 641319. Give v(-2).
-3
Let j(w) = 6*w**3 + 187*w**2 - 564*w - 18439. What is j(-31)?
6
Let c(i) = -4*i**3 + 47*i**2 + 6*i + 1. Give c(12).
-71
Let w(p) = -p**3 - 336*p**2 - 135*p + 66980. Give w(-335).
-20
Let w(p) = 3355*p - 412679. Calculate w(123).
-14
Let p(s) = -s**3 - 93*s**2 - 54*s + 19449. Determine p(-90).
9
Let z(a) = 384*a + 49964. Determine z(-130).
44
Let p(f) = f**3 + 17*f**2 - 560*f - 360. Calculate p(-34).
-972
Let c(s) = s**3 - 138*s**2 - 20*s + 2708. Determine c(138).
-52
L